{"id":63,"date":"2026-02-27T03:23:34","date_gmt":"2026-02-27T03:23:34","guid":{"rendered":"https:\/\/kingautomation.giaodiennguoidung.com\/?post_type=product&#038;p=63"},"modified":"2026-02-27T03:24:57","modified_gmt":"2026-02-27T03:24:57","slug":"gemlogin","status":"publish","type":"product","link":"https:\/\/kingautomation.giaodiennguoidung.com\/index.php\/san-pham\/gemlogin\/","title":{"rendered":"Gemlogin"},"content":{"rendered":"<h3 id=\"hmenuid1\"><span class=\"dropcap\" data-crown=\"0\">1<\/span>Chatbox l\u00e0 g\u00ec?<\/h3>\n<p>Chatbox l\u00e0 m\u1ed9t c\u1eeda s\u1ed5 chat tr\u1ef1c tuy\u1ebfn (h\u1ed9p chat) \u0111\u01b0\u1ee3c t\u00edch h\u1ee3p tr\u00ean c\u00e1c n\u1ec1n t\u1ea3ng nh\u01b0 website, \u1ee9ng d\u1ee5ng di \u0111\u1ed9ng ho\u1eb7c m\u1ea1ng x\u00e3 h\u1ed9i.<\/p>\n<p>V\u1edbi vai tr\u00f2 ch\u00ednh l\u00e0 m\u1ed9t n\u1ec1n t\u1ea3ng h\u1ed7 tr\u1ee3 doanh nghi\u1ec7p t\u01b0\u01a1ng t\u00e1c v\u1edbi kh\u00e1ch h\u00e0ng, chatbox ho\u1ea1t \u0111\u1ed9ng nh\u01b0 m\u1ed9t &#8220;l\u1ec5 t\u00e2n&#8221; chuy\u00ean nghi\u1ec7p, gi\u00fap ng\u01b0\u1eddi b\u00e1n h\u00e0ng online nhanh ch\u00f3ng ph\u1ea3n h\u1ed3i v\u00e0 thu th\u1eadp d\u1eef li\u1ec7u kh\u00e1ch h\u00e0ng. M\u1ecdi n\u1ed9i dung trao \u0111\u1ed5i \u0111\u1ec1u \u0111\u01b0\u1ee3c chatbox l\u01b0u tr\u1eef, h\u1ed7 tr\u1ee3 qu\u1ea3n l\u00fd d\u1ec5 d\u00e0ng h\u01a1n.<\/p>\n<div class=\"imgwrap\"><img decoding=\"async\" class=\"\" title=\"Chatbox l\u00e0 m\u1ed9t c\u1eeda s\u1ed5 chat tr\u1ef1c tuy\u1ebfn t\u00edch h\u1ee3p tr\u00ean c\u00e1c n\u1ec1n t\u1ea3ng nh\u01b0 website, \u1ee9ng d\u1ee5ng di \u0111\u1ed9ng ho\u1eb7c m\u1ea1ng x\u00e3 h\u1ed9i\" src=\"https:\/\/cdnv2.tgdd.vn\/mwg-static\/common\/News\/1582914\/chatbox-la-gi-1.jpg\" alt=\"Chatbox l\u00e0 m\u1ed9t c\u1eeda s\u1ed5 chat tr\u1ef1c tuy\u1ebfn t\u00edch h\u1ee3p tr\u00ean c\u00e1c n\u1ec1n t\u1ea3ng nh\u01b0 website, \u1ee9ng d\u1ee5ng di \u0111\u1ed9ng ho\u1eb7c m\u1ea1ng x\u00e3 h\u1ed9i\" data-src=\"https:\/\/cdnv2.tgdd.vn\/mwg-static\/common\/News\/1582914\/chatbox-la-gi-1.jpg\" \/><\/div>\n<p class=\"titleOfImages\">Chatbox l\u00e0 m\u1ed9t c\u1eeda s\u1ed5 chat tr\u1ef1c tuy\u1ebfn t\u00edch h\u1ee3p tr\u00ean c\u00e1c n\u1ec1n t\u1ea3ng nh\u01b0 website, \u1ee9ng d\u1ee5ng di \u0111\u1ed9ng ho\u1eb7c m\u1ea1ng x\u00e3 h\u1ed9i<\/p>\n<div class=\"ad-banner\">\n<div id=\"zone-mcli4tw5\">\n<div id=\"share-mcli4twg\">\n<div id=\"placement-mclir7ne\">\n<div id=\"banner-mcli4tw5-mclir7no\">\n<div id=\"slot-1-mcli4tw5-mclir7no\">\n<div id=\"ssppagebid_18683\">\n<div id=\"sspbid_2033546\" class=\"banner0\" data-ssp=\"sspbid_2033546\" data-admssprqid=\"0118vkle07hpg01\" data-location=\"4\" data-width=\"undefined\" data-height=\"undefined\"><iframe id=\"ads-place-2033546\" width=\"0\" height=\"0\" scrolling=\"no\" data-mce-fragment=\"1\"><\/iframe><\/div>\n<\/div>\n<\/div>\n<\/div>\n<\/div>\n<\/div>\n<\/div>\n<\/div>\n<h3 id=\"hmenuid2\"><span class=\"dropcap\" data-crown=\"0\">2<\/span>Ph\u00e2n bi\u1ec7t Chatbox, Chatbot v\u00e0 Live Chat<\/h3>\n<p>Chatbox l\u00e0 n\u01a1i tr\u00f2 chuy\u1ec7n,\u00a0<a title=\"chatbot\" href=\"https:\/\/www.dienmayxanh.com\/kinh-nghiem-hay\/chatbot-la-gi-1577246\" target=\"_blank\" rel=\"noopener\">chatbot<\/a>\u00a0l\u00e0 ph\u1ea7n m\u1ec1m tr\u1ea3 l\u1eddi t\u1ef1 \u0111\u1ed9ng, c\u00f2n live chat l\u00e0 giao ti\u1ebfp th\u1eadt gi\u1eefa kh\u00e1ch v\u00e0 nh\u00e2n vi\u00ean.<\/p>\n<table class=\"border-subtler my-[1em] w-full table-auto border-separate border-spacing-0 border-l border-t\">\n<thead class=\"bg-subtler\">\n<tr>\n<th class=\"border-subtler p-sm break-normal border-b border-r text-left align-top\">Kh\u00e1i ni\u1ec7m<\/th>\n<th class=\"border-subtler p-sm break-normal border-b border-r text-left align-top\">\u0110\u1ecbnh ngh\u0129a<\/th>\n<th class=\"border-subtler p-sm break-normal border-b border-r text-left align-top\">Vai tr\u00f2 ch\u00ednh<\/th>\n<\/tr>\n<\/thead>\n<tbody>\n<tr>\n<td class=\"px-sm border-subtler min-w-[48px] break-normal border-b border-r\">Chatbox<\/td>\n<td class=\"px-sm border-subtler min-w-[48px] break-normal border-b border-r\">Giao di\u1ec7n chat n\u01a1i ng\u01b0\u1eddi d\u00f9ng trao \u0111\u1ed5i<\/td>\n<td class=\"px-sm border-subtler min-w-[48px] break-normal border-b border-r\">Kh\u00f4ng gian giao ti\u1ebfp ng\u01b0\u1eddi d\u00f9ng<\/td>\n<\/tr>\n<tr>\n<td class=\"px-sm border-subtler min-w-[48px] break-normal border-b border-r\">Chatbot<\/td>\n<td class=\"px-sm border-subtler min-w-[48px] break-normal border-b border-r\">Ph\u1ea7n m\u1ec1m tr\u1ea3 l\u1eddi t\u1ef1 \u0111\u1ed9ng, AI x\u1eed l\u00fd ng\u00f4n ng\u1eef<\/td>\n<td class=\"px-sm border-subtler min-w-[48px] break-normal border-b border-r\">Tr\u1ee3 l\u00fd \u1ea3o, t\u1ef1 \u0111\u1ed9ng h\u00f3a tr\u1ea3 l\u1eddi<\/td>\n<\/tr>\n<tr>\n<td class=\"px-sm border-subtler min-w-[48px] break-normal border-b border-r\">Live Chat<\/td>\n<td class=\"px-sm border-subtler min-w-[48px] break-normal border-b border-r\">Tr\u00f2 chuy\u1ec7n th\u1eadt, tr\u1ef1c ti\u1ebfp v\u1edbi nh\u00e2n vi\u00ean<\/td>\n<td class=\"px-sm border-subtler min-w-[48px] break-normal border-b border-r\">H\u1ed7 tr\u1ee3 t\u01b0 v\u1ea5n chuy\u00ean s\u00e2u, th\u1eddi gian th\u1ef1c<\/td>\n<\/tr>\n<\/tbody>\n<\/table>\n<div class=\"ad-banner\">\n<div id=\"zone-mcli6cjg\">\n<div id=\"share-mcli6cjq\">\n<div id=\"placement-mclirfkw\">\n<div id=\"banner-mcli6cjg-mclirfl8\">\n<div id=\"slot-1-mcli6cjg-mclirfl8\">\n<div id=\"ssppagebid_18685\">\n<div id=\"sspbid_2033547\" class=\"banner0\" data-ssp=\"sspbid_2033547\" data-admssprqid=\"0118vkle0ch0g00\" data-location=\"4\" data-width=\"undefined\" data-height=\"undefined\"><iframe id=\"ads-place-2033547\" width=\"0\" height=\"0\" scrolling=\"no\" data-mce-fragment=\"1\"><\/iframe><\/div>\n<\/div>\n<\/div>\n<\/div>\n<\/div>\n<\/div>\n<\/div>\n<\/div>\n<h3 id=\"hmenuid3\"><span class=\"dropcap\" data-crown=\"0\">3<\/span>C\u00e1c lo\u1ea1i Chatbox ph\u1ed5 bi\u1ebfn hi\u1ec7n nay<\/h3>\n<p>Chatbox hi\u1ec7n nay \u0111\u01b0\u1ee3c chia th\u00e0nh hai nh\u00f3m ch\u00ednh d\u1ef1a tr\u00ean c\u00e1ch th\u1ee9c ho\u1ea1t \u0111\u1ed9ng v\u00e0 m\u1ee9c \u0111\u1ed9 th\u00f4ng minh, m\u1ed7i lo\u1ea1i ph\u00f9 h\u1ee3p v\u1edbi nh\u1eefng nhu c\u1ea7u v\u00e0 m\u1ee5c ti\u00eau kh\u00e1c nhau c\u1ee7a doanh nghi\u1ec7p trong vi\u1ec7c t\u01b0\u01a1ng t\u00e1c kh\u00e1ch h\u00e0ng.<\/p>\n<p><strong>Simple Chatbox<\/strong>\u00a0l\u00e0 lo\u1ea1i chatbox c\u01a1 b\u1ea3n, ho\u1ea1t \u0111\u1ed9ng d\u1ef1a tr\u00ean c\u00e1c t\u1eeb kh\u00f3a ho\u1eb7c k\u1ecbch b\u1ea3n \u0111\u01b0\u1ee3c l\u1eadp tr\u00ecnh s\u1eb5n. Kh\u1ea3 n\u0103ng t\u01b0\u01a1ng t\u00e1c c\u1ee7a n\u00f3 c\u00f2n h\u1ea1n ch\u1ebf, ch\u1ec9 c\u00f3 th\u1ec3 ph\u1ea3n h\u1ed3i nh\u1eefng c\u00e2u h\u1ecfi ch\u1ee9a t\u1eeb kh\u00f3a c\u1ee5 th\u1ec3. N\u1ebfu g\u1eb7p c\u00e2u h\u1ecfi ph\u1ee9c t\u1ea1p h\u01a1n, n\u00f3 s\u1ebd tr\u1ea3 l\u1eddi m\u1eb7c \u0111\u1ecbnh ho\u1eb7c y\u00eau c\u1ea7u ch\u1edd ph\u1ea3n h\u1ed3i t\u1eeb nh\u00e2n vi\u00ean.<\/p>\n<p><strong>Smart Chatbox\u00a0<\/strong>ra \u0111\u1eddi c\u00f9ng s\u1ef1 ph\u00e1t tri\u1ec3n c\u1ee7a AI, c\u00f3 kh\u1ea3 n\u0103ng hi\u1ec3u v\u00e0 tr\u1ea3 l\u1eddi kh\u00e1ch h\u00e0ng m\u1ed9t c\u00e1ch linh ho\u1ea1t, t\u1ef1 nhi\u00ean nh\u01b0 ng\u01b0\u1eddi th\u1eadt. N\u00f3 s\u1eed d\u1ee5ng AI v\u00e0 x\u1eed l\u00fd ng\u00f4n ng\u1eef t\u1ef1 nhi\u00ean \u0111\u1ec3 ph\u00e2n t\u00edch \u00fd ngh\u0129a c\u00e2u h\u1ecfi v\u00e0 \u0111\u01b0a ra c\u00e2u tr\u1ea3 l\u1eddi ph\u00f9 h\u1ee3p, th\u1eadm ch\u00ed c\u00f3 th\u1ec3 h\u1ecdc h\u1ecfi v\u00e0 c\u1ea3i thi\u1ec7n kh\u1ea3 n\u0103ng giao ti\u1ebfp theo th\u1eddi gian.<\/p>\n<p>C\u00e1c doanh nghi\u1ec7p th\u01b0\u1eddng k\u1ebft h\u1ee3p Simple Chatbox v\u1edbi \u0111\u1ed9i ng\u0169 nh\u00e2n vi\u00ean \u0111\u1ec3 b\u00f9 \u0111\u1eafp nh\u1eefng thi\u1ebfu s\u00f3t. Trong khi \u0111\u00f3, Smart Chatbox mang l\u1ea1i tr\u1ea3i nghi\u1ec7m c\u00e1 nh\u00e2n h\u00f3a cao h\u01a1n, gi\u00fap gi\u1ea3i quy\u1ebft c\u00e1c y\u00eau c\u1ea7u ph\u1ee9c t\u1ea1p m\u00e0 kh\u00f4ng c\u1ea7n s\u1ef1 can thi\u1ec7p c\u1ee7a con ng\u01b0\u1eddi, ti\u1ebft ki\u1ec7m \u0111\u00e1ng k\u1ec3 ngu\u1ed3n l\u1ef1c v\u00e0 th\u1eddi gian ph\u1ea3n h\u1ed3i.<\/p>\n<div class=\"imgwrap\"><img decoding=\"async\" class=\"\" title=\"C\u00f3 2 lo\u1ea1i Chatbox ph\u1ed5 bi\u1ebfn hi\u1ec7n nay\" src=\"https:\/\/cdnv2.tgdd.vn\/mwg-static\/common\/News\/1582914\/chatbox-la-gi-2.jpg\" alt=\"C\u00f3 2 lo\u1ea1i Chatbox ph\u1ed5 bi\u1ebfn hi\u1ec7n nay\" data-src=\"https:\/\/cdnv2.tgdd.vn\/mwg-static\/common\/News\/1582914\/chatbox-la-gi-2.jpg\" \/><\/div>\n<p class=\"titleOfImages\">C\u00f3 2 lo\u1ea1i Chatbox ph\u1ed5 bi\u1ebfn hi\u1ec7n nay<\/p>\n<h3 id=\"hmenuid4\"><span class=\"dropcap\" data-crown=\"0\">4<\/span>Nguy\u00ean l\u00fd ho\u1ea1t \u0111\u1ed9ng c\u1ee7a Chatbox<\/h3>\n<p>Chatbox ho\u1ea1t \u0111\u1ed9ng theo m\u1ed9t c\u01a1 ch\u1ebf \u0111\u01a1n gi\u1ea3n nh\u01b0ng hi\u1ec7u qu\u1ea3, bao g\u1ed3m c\u00e1c b\u01b0\u1edbc: h\u1ed9p chat t\u1ef1 \u0111\u1ed9ng xu\u1ea5t hi\u1ec7n \u0111\u1ec3 ch\u00e0o h\u1ecfi kh\u00e1ch h\u00e0ng khi h\u1ecd truy c\u1eadp website ho\u1eb7c Fanpage v\u00e0 thu th\u1eadp m\u1ecdi n\u1ed9i dung tr\u00f2 chuy\u1ec7n \u0111\u1ec3 l\u01b0u tr\u1eef.<\/p>\n<p>C\u01a1 ch\u1ebf ph\u1ea3n h\u1ed3i c\u1ee7a hai lo\u1ea1i chatbox kh\u00e1c nhau: Simple Chatbox d\u1ef1a tr\u00ean vi\u1ec7c kh\u1edbp t\u1eeb kh\u00f3a c\u00f3 s\u1eb5n, trong khi Smart Chatbox s\u1eed d\u1ee5ng c\u00e1c c\u00f4ng ngh\u1ec7 ti\u00ean ti\u1ebfn nh\u01b0 AI, X\u1eed l\u00fd ng\u00f4n ng\u1eef t\u1ef1 nhi\u00ean (NLP) \u0111\u1ec3 hi\u1ec3u \u00fd \u0111\u1ecbnh, nh\u1eadn di\u1ec7n ng\u1eef c\u1ea3nh v\u00e0 ph\u00e2n t\u00edch c\u1ea3m x\u00fac c\u1ee7a kh\u00e1ch h\u00e0ng.<\/p>\n<p>T\u1eeb \u0111\u00f3, chatbox n\u00e0y c\u00f3 th\u1ec3 \u0111\u01b0a ra ph\u1ea3n h\u1ed3i ph\u00f9 h\u1ee3p v\u00e0 t\u1ef1 nhi\u00ean, \u0111\u1ed3ng th\u1eddi h\u1ecdc h\u1ecfi r\u1ea5t nhanh trong qu\u00e1 tr\u00ecnh t\u01b0\u01a1ng t\u00e1c.<\/p>\n<div class=\"imgwrap\"><img decoding=\"async\" class=\"\" title=\"Nguy\u00ean l\u00fd ho\u1ea1t \u0111\u1ed9ng c\u1ee7a Chatbox\" src=\"https:\/\/cdnv2.tgdd.vn\/mwg-static\/common\/News\/1582914\/chatbox-la-gi-3.jpg\" alt=\"Nguy\u00ean l\u00fd ho\u1ea1t \u0111\u1ed9ng c\u1ee7a Chatbox\" data-src=\"https:\/\/cdnv2.tgdd.vn\/mwg-static\/common\/News\/1582914\/chatbox-la-gi-3.jpg\" \/><\/div>\n<p class=\"titleOfImages\">Nguy\u00ean l\u00fd ho\u1ea1t \u0111\u1ed9ng c\u1ee7a Chatbox<\/p>\n<h3 id=\"hmenuid5\"><span class=\"dropcap\" data-crown=\"0\">5<\/span>C\u00e1c t\u00ednh n\u0103ng n\u1ed5i b\u1eadt c\u1ee7a Chatbox<\/h3>\n<p>Chatbox mang \u0111\u1ebfn nhi\u1ec1u t\u00ednh n\u0103ng v\u01b0\u1ee3t tr\u1ed9i gi\u00fap doanh nghi\u1ec7p t\u1ed1i \u01b0u h\u00f3a quy tr\u00ecnh kinh doanh.<\/p>\n<p><strong>T\u0103ng c\u01b0\u1eddng kh\u1ea3 n\u0103ng ch\u0103m s\u00f3c kh\u00e1ch h\u00e0ng 24\/7<\/strong><\/p>\n<p>Chatbox gi\u00fap doanh nghi\u1ec7p ph\u1ea3n h\u1ed3i kh\u00e1ch h\u00e0ng nhanh ch\u00f3ng, ngay c\u1ea3 khi kh\u00f4ng c\u00f3 nh\u00e2n vi\u00ean tr\u1ef1c tuy\u1ebfn. \u0110i\u1ec1u n\u00e0y \u0111\u1eb7c bi\u1ec7t quan tr\u1ecdng \u0111\u1ec3 \u0111\u00e1p \u1ee9ng nhu c\u1ea7u v\u00e0 gi\u1eef ch\u00e2n kh\u00e1ch h\u00e0ng, \u0111\u1ed3ng th\u1eddi mang \u0111\u1ebfn tr\u1ea3i nghi\u1ec7m t\u1ed1t, gi\u00fap h\u1ecd nhanh ch\u00f3ng t\u00ecm th\u1ea5y th\u00f4ng tin c\u1ea7n thi\u1ebft.<\/p>\n<p><strong>Thu th\u1eadp v\u00e0 ph\u00e2n t\u00edch d\u1eef li\u1ec7u th\u00f4ng tin kh\u00e1ch h\u00e0ng<\/strong><\/p>\n<p>Chatbox thu th\u1eadp th\u00f4ng tin kh\u00e1ch h\u00e0ng nh\u01b0 t\u00ean, email, s\u1ed1 \u0111i\u1ec7n tho\u1ea1i, s\u1edf th\u00edch&#8230; t\u1eeb c\u00e1c cu\u1ed9c tr\u00f2 chuy\u1ec7n. Vi\u1ec7c n\u00e0y gi\u00fap doanh nghi\u1ec7p hi\u1ec3u r\u00f5 h\u01a1n v\u1ec1 kh\u00e1ch h\u00e0ng, t\u1eeb \u0111\u00f3 \u0111\u01b0a ra chi\u1ebfn l\u01b0\u1ee3c s\u1ea3n ph\u1ea9m v\u00e0 b\u00e1n h\u00e0ng ph\u00f9 h\u1ee3p.<\/p>\n<div class=\"imgwrap\"><img decoding=\"async\" class=\"\" title=\"Chatbox mang \u0111\u1ebfn nhi\u1ec1u t\u00ednh n\u0103ng n\u1ed5i b\u1eadt\" src=\"https:\/\/cdnv2.tgdd.vn\/mwg-static\/common\/News\/1582914\/chatbox-la-gi-4.jpg\" alt=\"Chatbox mang \u0111\u1ebfn nhi\u1ec1u t\u00ednh n\u0103ng n\u1ed5i b\u1eadt\" data-src=\"https:\/\/cdnv2.tgdd.vn\/mwg-static\/common\/News\/1582914\/chatbox-la-gi-4.jpg\" \/><\/div>\n<p class=\"titleOfImages\">Chatbox mang \u0111\u1ebfn nhi\u1ec1u t\u00ednh n\u0103ng n\u1ed5i b\u1eadt<\/p>\n<p><strong>Ti\u1ebft ki\u1ec7m chi ph\u00ed, th\u1eddi gian v\u00e0 c\u00f4ng s\u1ee9c<\/strong><\/p>\n<p>M\u1ed9t chatbox ho\u1ea1t \u0111\u1ed9ng t\u1ef1 \u0111\u1ed9ng c\u00f3 th\u1ec3 l\u00e0m vi\u1ec7c li\u00ean t\u1ee5c 24\/7, t\u01b0\u01a1ng \u0111\u01b0\u01a1ng c\u00f4ng s\u1ee9c c\u1ee7a nhi\u1ec1u nh\u00e2n vi\u00ean. \u0110i\u1ec1u n\u00e0y gi\u00fap doanh nghi\u1ec7p ti\u1ebft ki\u1ec7m m\u1ed9t kho\u1ea3n chi ph\u00ed l\u1edbn v\u1ec1 nh\u00e2n s\u1ef1 v\u00e0 t\u1ed1i \u01b0u h\u00f3a th\u1eddi gian \u0111\u00e0o t\u1ea1o.<\/p>\n<p><strong>H\u1ed7 tr\u1ee3 \u0111a k\u00eanh<\/strong><\/p>\n<p>Chatbox c\u00f3 kh\u1ea3 n\u0103ng k\u1ebft n\u1ed1i v\u00e0 h\u1ed7 tr\u1ee3 t\u01b0\u01a1ng t\u00e1c tr\u00ean nhi\u1ec1u n\u1ec1n t\u1ea3ng kh\u00e1c nhau nh\u01b0 Facebook,\u00a0<a title=\"Zalo\" href=\"https:\/\/www.dienmayxanh.com\/kinh-nghiem-hay\/zalo-la-gi-cua-nuoc-nao-va-tat-tan-tat-nhung-tinh-1320646\" target=\"_blank\" rel=\"noopener\">Zalo<\/a>,\u00a0<a title=\"Instagram\" href=\"https:\/\/www.dienmayxanh.com\/kinh-nghiem-hay\/instagram-la-gi-1127426\" target=\"_blank\" rel=\"noopener\">Instagram<\/a>, TikTok v\u00e0 website, gi\u00fap qu\u1ea3n l\u00fd kh\u00e1ch h\u00e0ng \u0111a k\u00eanh m\u1ed9t c\u00e1ch d\u1ec5 d\u00e0ng v\u00e0 t\u1eadp trung.<\/p>\n<p><strong>T\u0103ng kh\u1ea3 n\u0103ng nh\u1eadn di\u1ec7n th\u01b0\u01a1ng hi\u1ec7u<\/strong><\/p>\n<p>B\u1eb1ng c\u00e1ch duy tr\u00ec c\u00e1c cu\u1ed9c h\u1ed9i tho\u1ea1i t\u1ef1 \u0111\u1ed9ng v\u00e0 g\u1eedi th\u00f4ng tin h\u00e0ng lo\u1ea1t, chatbox gi\u00fap doanh nghi\u1ec7p li\u00ean t\u1ee5c ti\u1ebfp x\u00fac v\u1edbi kh\u00e1ch h\u00e0ng, t\u1eeb \u0111\u00f3 c\u1ee7ng c\u1ed1 s\u1ef1 hi\u1ec7n di\u1ec7n c\u1ee7a th\u01b0\u01a1ng hi\u1ec7u trong t\u00e2m tr\u00ed h\u1ecd.<\/p>\n<p><strong>C\u00e1c t\u00ednh n\u0103ng kh\u00e1c c\u1ee7a Chatbox<\/strong><\/p>\n<ul>\n<li>\u0110o l\u01b0\u1eddng th\u1ed1ng k\u00ea kh\u00e1ch h\u00e0ng (m\u1edbi\/c\u0169, s\u1ed1 \u0111i\u1ec7n tho\u1ea1i, th\u1eddi gian online).<\/li>\n<li>T\u1ef1 \u0111\u1ed9ng g\u1eafn nh\u00e3n v\u00e0 b\u1ed9 l\u1ecdc kh\u00e1ch h\u00e0ng theo c\u00e1c ti\u00eau ch\u00ed.<\/li>\n<li>T\u1ef1 \u0111\u1ed9ng g\u1eedi tin nh\u1eafn ch\u0103m s\u00f3c kh\u00e1ch h\u00e0ng theo k\u1ecbch b\u1ea3n c\u00f3 s\u1eb5n.<\/li>\n<li>T\u1ef1 \u0111\u1ed9ng chia kh\u00e1ch h\u00e0ng cho nh\u00e2n vi\u00ean \u0111\u1ec3 \u0111\u1ea3m b\u1ea3o c\u00f4ng b\u1eb1ng.<\/li>\n<li>T\u00edch h\u1ee3p thanh to\u00e1n online (VNPay, Momo, ZaloPay, Banking).<\/li>\n<li>L\u1ecdc b\u00e0i vi\u1ebft ch\u1ea1y qu\u1ea3ng c\u00e1o \u0111\u1ec3 bi\u1ebft kh\u00e1ch h\u00e0ng \u0111\u1ebfn t\u1eeb \u0111\u00e2u.<\/li>\n<\/ul>\n<h3 id=\"hmenuid6\"><span class=\"dropcap\" data-crown=\"0\">6<\/span>\u01afu, nh\u01b0\u1ee3c \u0111i\u1ec3m c\u1ee7a Chatbox<\/h3>\n<p><strong>\u01afu \u0111i\u1ec3m:<\/strong><\/p>\n<ul>\n<li>S\u1eb5n s\u00e0ng ph\u1ee5c v\u1ee5 24\/7: Lu\u00f4n c\u00f3 m\u1eb7t \u0111\u1ec3 gi\u1ea3i \u0111\u00e1p th\u1eafc m\u1eafc, kh\u00f4ng bao gi\u1edd &#8220;\u0111\u00f3ng c\u1eeda&#8221;.<\/li>\n<li>T\u1ed1c \u0111\u1ed9 ph\u1ea3n h\u1ed3i v\u01b0\u1ee3t tr\u1ed9i: Th\u01b0\u1eddng ph\u1ea3n h\u1ed3i d\u01b0\u1edbi 5 gi\u00e2y, t\u1ea1o \u1ea5n t\u01b0\u1ee3ng t\u1ed1t v\u00e0 t\u1eadn d\u1ee5ng c\u01a1 h\u1ed9i b\u00e1n h\u00e0ng.<\/li>\n<li>T\u1ed1i \u01b0u chi ph\u00ed v\u00e0 ngu\u1ed3n l\u1ef1c: Ti\u1ebft ki\u1ec7m m\u1ed9t kho\u1ea3n chi ph\u00ed l\u1edbn v\u1ec1 nh\u00e2n s\u1ef1 v\u00e0 th\u1eddi gian.<\/li>\n<li>Hi\u1ec3u bi\u1ebft s\u00e2u s\u1eafc v\u1ec1 kh\u00e1ch h\u00e0ng: Thu th\u1eadp v\u00e0 ph\u00e2n t\u00edch d\u1eef li\u1ec7u t\u1eeb m\u1ed7i cu\u1ed9c tr\u00f2 chuy\u1ec7n, gi\u00fap doanh nghi\u1ec7p \u0111\u01b0a ra chi\u1ebfn l\u01b0\u1ee3c ph\u00f9 h\u1ee3p.<\/li>\n<li>Qu\u1ea3n l\u00fd t\u1eadp trung \u0111a k\u00eanh: D\u1ec5 d\u00e0ng t\u01b0\u01a1ng t\u00e1c v\u00e0 qu\u1ea3n l\u00fd kh\u00e1ch h\u00e0ng t\u1eeb nhi\u1ec1u n\u1ec1n t\u1ea3ng tr\u00ean m\u1ed9t giao di\u1ec7n duy nh\u1ea5t.<\/li>\n<li>T\u0103ng kh\u1ea3 n\u0103ng nh\u1eadn di\u1ec7n th\u01b0\u01a1ng hi\u1ec7u: Duy tr\u00ec s\u1ef1 t\u01b0\u01a1ng t\u00e1c li\u00ean t\u1ee5c v\u00e0 mang \u0111\u1ebfn tr\u1ea3i nghi\u1ec7m t\u1ed1t cho ng\u01b0\u1eddi s\u1eed d\u1ee5ng.<\/li>\n<\/ul>\n<div class=\"imgwrap\"><img decoding=\"async\" class=\"\" title=\"Boxchat gi\u00fap b\u1ea1n c\u00f3 th\u1ec3 h\u1ed7 tr\u1ee3 kh\u00e1ch h\u00e0ng 24\/7\" src=\"https:\/\/cdnv2.tgdd.vn\/mwg-static\/common\/News\/1582914\/chatbox-la-gi-5.jpg\" alt=\"Chatbox gi\u00fap b\u1ea1n c\u00f3 th\u1ec3 h\u1ed7 tr\u1ee3 kh\u00e1ch h\u00e0ng 24\/7\" data-src=\"https:\/\/cdnv2.tgdd.vn\/mwg-static\/common\/News\/1582914\/chatbox-la-gi-5.jpg\" \/><\/div>\n<p class=\"titleOfImages\">Chatbox gi\u00fap b\u1ea1n c\u00f3 th\u1ec3 h\u1ed7 tr\u1ee3 kh\u00e1ch h\u00e0ng 24\/7<\/p>\n<p><strong>Nh\u01b0\u1ee3c \u0111i\u1ec3m:<\/strong><\/p>\n<ul>\n<li>H\u1ea1n ch\u1ebf t\u01b0\u01a1ng t\u00e1c ph\u1ee9c t\u1ea1p: Simple Chatbox kh\u00f4ng th\u1ec3 hi\u1ec3u c\u00e1c c\u00e2u h\u1ecfi kh\u00f4ng c\u00f3 trong l\u1eadp tr\u00ecnh s\u1eb5n, g\u00e2y kh\u00f3 ch\u1ecbu cho kh\u00e1ch h\u00e0ng.<\/li>\n<li>Chi ph\u00ed \u0111\u1ea7u t\u01b0 ban \u0111\u1ea7u: \u0110\u1ed1i v\u1edbi Smart Chatbox ho\u1eb7c c\u00e1c gi\u1ea3i ph\u00e1p chuy\u00ean nghi\u1ec7p, doanh nghi\u1ec7p c\u1ea7n b\u1ecf ra m\u1ed9t kho\u1ea3n ph\u00ed v\u1eadn h\u00e0nh nh\u1ea5t \u0111\u1ecbnh.<\/li>\n<li>Thi\u1ebfu s\u1ef1 \u0111\u1ed3ng c\u1ea3m c\u1ee7a con ng\u01b0\u1eddi: Chatbox v\u1eabn kh\u00f3 c\u00f3 th\u1ec3 thay th\u1ebf ho\u00e0n to\u00e0n kh\u1ea3 n\u0103ng th\u1ea5u hi\u1ec3u v\u00e0 gi\u1ea3i quy\u1ebft c\u00e1c t\u00ecnh hu\u1ed1ng nh\u1ea1y c\u1ea3m c\u1ee7a nh\u00e2n vi\u00ean con ng\u01b0\u1eddi.<\/li>\n<li>Y\u00eau c\u1ea7u \u0111\u00e0o t\u1ea1o v\u00e0 gi\u00e1m s\u00e1t: C\u1ea7n \u0111\u00e0o t\u1ea1o nh\u00e2n vi\u00ean \u0111\u1ec3 s\u1eed d\u1ee5ng chatbox hi\u1ec7u qu\u1ea3 v\u00e0 gi\u00e1m s\u00e1t \u0111\u1ec3 ph\u1ee7 l\u1ea5p nh\u1eefng thi\u1ebfu s\u00f3t.<\/li>\n<\/ul>\n<h3 id=\"hmenuid7\"><span class=\"dropcap\" data-crown=\"0\">7<\/span>C\u00e1ch s\u1eed d\u1ee5ng Chatbox hi\u1ec7u qu\u1ea3<\/h3>\n<p>H\u01b0\u1edbng d\u1eabn s\u1eed d\u1ee5ng c\u00e1c t\u00ednh n\u0103ng n\u1ed5i b\u1eadt c\u1ee7a Chatbox<\/p>\n<ul>\n<li>Thi\u1ebft l\u1eadp k\u1ecbch b\u1ea3n c\u00e1c c\u00e2u h\u1ecfi c\u01a1 b\u1ea3n v\u00e0 c\u00e2u tr\u1ea3 l\u1eddi t\u1ef1 \u0111\u1ed9ng \u0111\u1ec3 ch\u00e0o h\u1ecfi v\u00e0 h\u01b0\u1edbng d\u1eabn kh\u00e1ch h\u00e0ng.<\/li>\n<li>Theo d\u00f5i v\u00e0 t\u01b0\u01a1ng t\u00e1c v\u1edbi kh\u00e1ch h\u00e0ng tr\u00ean giao di\u1ec7n qu\u1ea3n l\u00fd t\u1eadp trung.<\/li>\n<li>S\u1eed d\u1ee5ng t\u00ednh n\u0103ng t\u1ef1 \u0111\u1ed9ng g\u1eafn nh\u00e3n v\u00e0 b\u1ed9 l\u1ecdc \u0111\u1ec3 ph\u00e2n lo\u1ea1i kh\u00e1ch h\u00e0ng.<\/li>\n<li>T\u00edch h\u1ee3p c\u1ed5ng thanh to\u00e1n online v\u00e0o chatbox \u0111\u1ec3 t\u1ea1o \u0111\u01a1n h\u00e0ng v\u00e0 thanh to\u00e1n ti\u1ec7n l\u1ee3i.<\/li>\n<\/ul>\n<h3 id=\"hmenuid8\"><span class=\"dropcap\" data-crown=\"0\">8<\/span>L\u01b0u \u00fd khi s\u1eed d\u1ee5ng v\u00e0 c\u00e0i \u0111\u1eb7t Chatbox<\/h3>\n<p>\u0110\u1ec3 chatbox ph\u00e1t huy t\u1ed1i \u0111a hi\u1ec7u qu\u1ea3 v\u00e0 th\u1ef1c s\u1ef1 tr\u1edf th\u00e0nh c\u00f4ng c\u1ee5 \u0111\u1eafc l\u1ef1c cho doanh nghi\u1ec7p, b\u1ea1n c\u1ea7n l\u01b0u \u00fd nh\u01b0 sau:<\/p>\n<ul>\n<li class=\"my-2 [&amp;+p]:mt-4 [&amp;_strong:has(+br)]:inline-block [&amp;_strong:has(+br)]:pb-2\">Ch\u1ecdn lo\u1ea1i chatbox ph\u00f9 h\u1ee3p v\u1edbi nhu c\u1ea7u: \u0111\u01a1n gi\u1ea3n hay th\u00f4ng minh.<\/li>\n<li class=\"my-2 [&amp;+p]:mt-4 [&amp;_strong:has(+br)]:inline-block [&amp;_strong:has(+br)]:pb-2\">T\u00f9y ch\u1ec9nh giao di\u1ec7n theo th\u01b0\u01a1ng hi\u1ec7u \u0111\u1ec3 thu h\u00fat kh\u00e1ch h\u00e0ng.<\/li>\n<li class=\"my-2 [&amp;+p]:mt-4 [&amp;_strong:has(+br)]:inline-block [&amp;_strong:has(+br)]:pb-2\">X\u00e2y d\u1ef1ng k\u1ecbch b\u1ea3n tr\u1ea3 l\u1eddi ng\u1eafn g\u1ecdn, r\u00f5 r\u00e0ng, th\u00e2n thi\u1ec7n.<\/li>\n<li class=\"my-2 [&amp;+p]:mt-4 [&amp;_strong:has(+br)]:inline-block [&amp;_strong:has(+br)]:pb-2\">\u0110\u00e0o t\u1ea1o nh\u00e2n vi\u00ean ph\u1ed1i h\u1ee3p x\u1eed l\u00fd c\u00e1c t\u00ecnh hu\u1ed1ng ph\u1ee9c t\u1ea1p.<\/li>\n<li class=\"my-2 [&amp;+p]:mt-4 [&amp;_strong:has(+br)]:inline-block [&amp;_strong:has(+br)]:pb-2\">Gi\u1edbi h\u1ea1n s\u1ed1 t\u00e0i kho\u1ea3n chat \u0111\u1ec3 \u0111\u1ea3m b\u1ea3o ch\u1ea5t l\u01b0\u1ee3ng.<\/li>\n<li class=\"my-2 [&amp;+p]:mt-4 [&amp;_strong:has(+br)]:inline-block [&amp;_strong:has(+br)]:pb-2\">Th\u01b0\u1eddng xuy\u00ean c\u1eadp nh\u1eadt ph\u1ea7n m\u1ec1m v\u00e0 b\u1ea3o m\u1eadt th\u00f4ng tin kh\u00e1ch h\u00e0ng.<\/li>\n<\/ul>\n<div class=\"imgwrap\"><img decoding=\"async\" class=\"\" title=\"M\u1ed9t v\u00e0i l\u01b0u \u00fd khi t\u1ea1o Chatbox\" src=\"https:\/\/cdnv2.tgdd.vn\/mwg-static\/common\/News\/1582914\/chatbox-la-gi-6.jpg\" alt=\"M\u1ed9t v\u00e0i l\u01b0u \u00fd khi t\u1ea1o Chatbox\" data-src=\"https:\/\/cdnv2.tgdd.vn\/mwg-static\/common\/News\/1582914\/chatbox-la-gi-6.jpg\" \/><\/div>\n<p class=\"titleOfImages\">M\u1ed9t v\u00e0i l\u01b0u \u00fd khi t\u1ea1o Chatbox<\/p>\n<h3 id=\"hmenuid9\"><span class=\"dropcap\" data-crown=\"0\">9<\/span>C\u00e2u h\u1ecfi th\u01b0\u1eddng g\u1eb7p v\u1ec1 Chatbox<\/h3>\n<p><strong>Chatbox c\u00f3 th\u1ec3 thay th\u1ebf ho\u00e0n to\u00e0n nh\u00e2n vi\u00ean ch\u0103m s\u00f3c kh\u00e1ch h\u00e0ng kh\u00f4ng?<\/strong><\/p>\n<p>Chatbox l\u00e0 m\u1ed9t c\u00f4ng c\u1ee5 h\u1ed7 tr\u1ee3 \u0111\u1eafc l\u1ef1c trong vi\u1ec7c x\u1eed l\u00fd c\u00e1c c\u00e2u h\u1ecfi th\u01b0\u1eddng g\u1eb7p, cung c\u1ea5p th\u00f4ng tin nhanh ch\u00f3ng v\u00e0 h\u1ed7 tr\u1ee3 24\/7. Tuy nhi\u00ean, trong c\u00e1c t\u00ecnh hu\u1ed1ng ph\u1ee9c t\u1ea1p, c\u1ea7n s\u1ef1 \u0111\u1ed3ng c\u1ea3m v\u00e0 gi\u1ea3i quy\u1ebft v\u1ea5n \u0111\u1ec1 c\u00e1 nh\u00e2n h\u00f3a cao, vai tr\u00f2 c\u1ee7a nh\u00e2n vi\u00ean con ng\u01b0\u1eddi v\u1eabn l\u00e0 kh\u00f4ng th\u1ec3 thi\u1ebfu.<\/p>\n<p><strong>L\u00e0m th\u1ebf n\u00e0o \u0111\u1ec3 \u0111\u1ea3m b\u1ea3o Chatbox t\u01b0\u01a1ng t\u00e1c t\u1ef1 nhi\u00ean v\u00e0 hi\u1ec7u qu\u1ea3?<\/strong><\/p>\n<p>\u0110\u1ec3 chatbox t\u01b0\u01a1ng t\u00e1c t\u1ef1 nhi\u00ean v\u00e0 hi\u1ec7u qu\u1ea3, \u0111\u1eb7c bi\u1ec7t l\u00e0 Smart Chatbox, c\u1ea7n \u1ee9ng d\u1ee5ng c\u00f4ng ngh\u1ec7 AI v\u00e0 X\u1eed l\u00fd ng\u00f4n ng\u1eef t\u1ef1 nhi\u00ean (NLP) ti\u00ean ti\u1ebfn. \u0110\u1ed3ng th\u1eddi, vi\u1ec7c li\u00ean t\u1ee5c thu th\u1eadp d\u1eef li\u1ec7u t\u1eeb c\u00e1c cu\u1ed9c tr\u00f2 chuy\u1ec7n v\u00e0 hu\u1ea5n luy\u1ec7n chatbox s\u1ebd gi\u00fap n\u00f3 h\u1ecdc h\u1ecfi, c\u1ea3i thi\u1ec7n kh\u1ea3 n\u0103ng hi\u1ec3u v\u00e0 ph\u1ea3n h\u1ed3i.<\/p>\n<p><strong>Chatbox c\u00f3 an to\u00e0n v\u1ec1 b\u1ea3o m\u1eadt th\u00f4ng tin kh\u00e1ch h\u00e0ng kh\u00f4ng?<\/strong><\/p>\n<p>C\u00e1c gi\u1ea3i ph\u00e1p chatbox chuy\u00ean nghi\u1ec7p th\u01b0\u1eddng c\u00f3 c\u00e1c t\u00ednh n\u0103ng b\u1ea3o m\u1eadt \u0111\u1ec3 b\u1ea3o v\u1ec7 th\u00f4ng tin kh\u00e1ch h\u00e0ng. Tuy nhi\u00ean, doanh nghi\u1ec7p c\u1ea7n ch\u1ecdn nh\u00e0 cung c\u1ea5p uy t\u00edn v\u00e0 tu\u00e2n th\u1ee7 c\u00e1c quy \u0111\u1ecbnh v\u1ec1 b\u1ea3o v\u1ec7 d\u1eef li\u1ec7u c\u00e1 nh\u00e2n \u0111\u1ec3 \u0111\u1ea3m b\u1ea3o an to\u00e0n th\u00f4ng tin.<\/p>\n","protected":false},"excerpt":{"rendered":"<p>Trong th\u1eddi \u0111\u1ea1i AI b\u00f9ng n\u1ed5, Chatbox tr\u1edf th\u00e0nh c\u00f4ng c\u1ee5 kh\u00f4ng th\u1ec3 thi\u1ebfu gi\u00fap doanh nghi\u1ec7p t\u1ef1 \u0111\u1ed9ng h\u00f3a giao ti\u1ebfp v\u00e0 ch\u0103m s\u00f3c kh\u00e1ch h\u00e0ng hi\u1ec7u qu\u1ea3 24\/7. T\u00ecm hi\u1ec3u Chatbox l\u00e0 g\u00ec v\u00e0 l\u1ee3i \u00edch n\u1ed5i b\u1eadt trong b\u00e0i vi\u1ebft sau!<\/p>\n","protected":false},"featured_media":64,"comment_status":"open","ping_status":"closed","template":"","meta":[],"product_brand":[],"product_cat":[20,23,19,25,22,26,18,27,24,21],"product_tag":[],"class_list":{"0":"post-63","1":"product","2":"type-product","3":"status-publish","4":"has-post-thumbnail","6":"product_cat-affilate","7":"product_cat-app-studio","8":"product_cat-automation","9":"product_cat-automation-ai","10":"product_cat-chatbot","11":"product_cat-gemlogin","12":"product_cat-khoa-hoc-no-code","13":"product_cat-n8n","14":"product_cat-tai-khoan","15":"product_cat-tai-nguyen","17":"first","18":"instock","19":"sale","20":"shipping-taxable","21":"purchasable","22":"product-type-simple"},"_links":{"self":[{"href":"https:\/\/kingautomation.giaodiennguoidung.com\/index.php\/wp-json\/wp\/v2\/product\/63","targetHints":{"allow":["GET"]}}],"collection":[{"href":"https:\/\/kingautomation.giaodiennguoidung.com\/index.php\/wp-json\/wp\/v2\/product"}],"about":[{"href":"https:\/\/kingautomation.giaodiennguoidung.com\/index.php\/wp-json\/wp\/v2\/types\/product"}],"replies":[{"embeddable":true,"href":"https:\/\/kingautomation.giaodiennguoidung.com\/index.php\/wp-json\/wp\/v2\/comments?post=63"}],"wp:featuredmedia":[{"embeddable":true,"href":"https:\/\/kingautomation.giaodiennguoidung.com\/index.php\/wp-json\/wp\/v2\/media\/64"}],"wp:attachment":[{"href":"https:\/\/kingautomation.giaodiennguoidung.com\/index.php\/wp-json\/wp\/v2\/media?parent=63"}],"wp:term":[{"taxonomy":"product_brand","embeddable":true,"href":"https:\/\/kingautomation.giaodiennguoidung.com\/index.php\/wp-json\/wp\/v2\/product_brand?post=63"},{"taxonomy":"product_cat","embeddable":true,"href":"https:\/\/kingautomation.giaodiennguoidung.com\/index.php\/wp-json\/wp\/v2\/product_cat?post=63"},{"taxonomy":"product_tag","embeddable":true,"href":"https:\/\/kingautomation.giaodiennguoidung.com\/index.php\/wp-json\/wp\/v2\/product_tag?post=63"}],"curies":[{"name":"wp","href":"https:\/\/api.w.org\/{rel}","templated":true}]}}